) = -6 - 360*d + 356*d + 4 + d**2. Calculate w(4).
-2
Let o(f) = -f**3 - 6*f**2 + 8*f + 7. Let b = 212 - 219. What is o(b)?
0
Let z be (1/(-4))/((-6)/(-8)*(-41)/1107). Let u(k) be the first derivative of -k**2/2 + 5*k - 1. What is u(z)?
-4
Let j(x) be the second derivative of x**5/20 - x**4/12 - x**3/3 + x**2/2 - 20*x. Let v = 17 - 19. Calculate j(v).
-7
Let l(c) = 2*c + 7. Suppose 9*d - 4962 = -5016. Determine l(d).
-5
Let u(s) = 4*s + 7. Let t(h) = -1. Let i(g) = -5*t(g) - u(g). Let m be i(-1). Let j(y) = -y. Let w(b) = 2*b. Let k(q) = m*w(q) + 5*j(q). Determine k(0).
0
Let x(d) = -d - 39. Let y be x(-33). Let o(a) be the second derivative of 0 - a + a**3 + 1/2*a**2 + 1/12*a**4. Calculate o(y).
1
Let s(r) = -30 - 34*r + 43*r - 3*r**2 + 6*r**2 - 23*r. Calculate s(6).
-6
Suppose 0 = -4*c + g - 15, -2*g + 14 = 3*c - 7*c. Let k(s) = -s. Let v(b) = -5*b. Let n(r) = -2*k(r) + v(r). Calculate n(c).
12
Let v(q) = q**3 - 21*q**2 + 107*q + 19. Let i be v(9). Let t(x) = -x + 2. What is t(i)?
-8
Let i(q) be the first derivative of q**4/4 - 8*q**3/3 + 9*q**2/2 - 9*q - 50. Suppose -2*f - 4*g + 14 = 0, -g + 6*g = 4*f - 28. Calculate i(f).
5
Let i(z) be the first derivative of 0*z**2 + 2/3*z**3 - 5/12*z**4 - 6*z + 4 + 1/20*z**5. Let y(k) be the first derivative of i(k). Determine y(4).
0
Let x(d) = -d - 11. Let t be x(-14). Let h be -1*(t + -2 + -2). Let u(r) = h - 3*r + 2*r - 10. Calculate u(-7).
-2
Let d(u) = 11*u + 407. Let i be d(-37). Let o(a) be the second derivative of -7*a - 1/12*a**4 + i + 7/6*a**3 - 3*a**2. Determine o(5).
4
Let g(i) = -16*i + 4. Let j(s) = -7*s + 3. Let t(d) = -2*g(d) + 5*j(d). Calculate t(5).
-8
Suppose 14*s = 55 + 43. Let r(x) = 4 + 4*x + s*x + 4 - 9*x. Calculate r(-9).
-10
Let m(w) = w - 2209 - w - w + 2208. Calculate m(10).
-11
Suppose -2*f + n = 0, 5*f + 4*n + 12 = -1. Let b be f/(4/32*4). Let z(q) be the third derivative of q**5/30 + q**4/24 - 2*q**2. Determine z(b).
6
Let n be (-55)/(-15) + 1/3. Let r(u) = -5*u**3 + 7*u**2 + u + 3*u**3 + 3*u**3 + n. Give r(-7).
-3
Suppose -3*m + 3*g = 6, 3*g = 4*g + 3. Let a be 2 + 5/(m/(-3)). Let c(r) = -r**2 + 4*r + 6. Give c(a).
1
Let v = -5 - -14. Let p(q) = 8*q**2 - 2 + 3*q + 7 - v*q**2. Let n be p(5). Let l(r) = -r**2 - 4*r + 3. Calculate l(n).
-2
Let x(k) be the third derivative of k**5/60 - k**4/24 - 2*k**3/3 + k**2. Let h be 0 - (4 + -6 - 2). Suppose h = 4*y + 2*l, -2*y + 4 + 10 = -2*l. Calculate x(y).
2
Let m(p) = 6*p - 3 + 0 - p**2 + 0*p**2. Suppose -2 = 7*k + 12. Let u be (-9)/((2/(-8))/(k/(-12))). Determine m(u).
-3
Let w(d) be the third derivative of 2*d**5/15 - d**3/6 - 7*d**2. Suppose 12*p - 3*p = 9. Determine w(p).
7
Let k = -1051 + 1045. Let x(f) = -f**2 - 16*f - 55. Give x(k).
5
Let d = 19 + -11. Let a be 38/d + (-1)/(-4). Let l(s) = -12*s + 29*s - 20*s - 1 + 5. What is l(a)?
-11
Let q = -4 - 1. Let m(l) be the second derivative of l**3/3 - 2*l**2 + 12*l. What is m(q)?
-14
Let f(y) be the second derivative of -y**6/720 + 7*y**5/120 + 17*y**4/6 - 19*y. Let a(r) be the third derivative of f(r). What is a(6)?
1
Let a(v) = -v**3 - 3*v**2 + 5*v + 1. Suppose w + 24 = 7*w. Suppose t = -w*y - 12, -3*t = 3*y - 5*y - 20. Give a(y).
-3
Let b(j) be the second derivative of -j**4/12 + j**3/3 + 3*j**2/2 + 13*j. Let u = -5 + 3. What is b(u)?
-5
Suppose 4*f + 2*g - 8 = 3*g, 0 = -5*f - g + 1. Suppose i - 5*q - f - 22 = 0, 16 = 2*i - 4*q. Let y(w) = w**3 + 2*w + 3. What is y(i)?
-9
Let x(o) be the third derivative of 5*o**4/24 + 5*o**3 - 123*o**2 + o. Determine x(-7).
-5
Suppose 0 = 3*n + p - 13, n + 30*p - 1 = 29*p. Let y(a) = 3*a - 7. Determine y(n).
11
Let k(w) = -w**3 + 2*w**2 - 3*w + 11. Let x(u) = -3*u**3 + 7*u**2 - 8*u + 32. Let l(p) = -8*k(p) + 3*x(p). Let q be l(5). Let i(z) = z**2 - 9*z + 6. Give i(q).
-2
Let n(b) = 6*b - 3. Let t = -846 - -845. What is n(t)?
-9
Let n(g) = -g**3 + g**2 + 6. Let w = -42 - -48. Suppose -1 = -q - t, -t + 7 = w. Determine n(q).
6
Let s(u) = 2*u**2 + 5153*u**3 + 1 + 3*u - 3*u - 5154*u**3. Calculate s(-2).
17
Let o = -9 - -10. Let i(k) = 13*k**3 - 2*k**2 - 2*k + 2. Let u(c) = c**2 + c - 1. Let j(m) = o*i(m) + 3*u(m). Give j(1).
14
Let i = 204 + -201. Let h(k) = -2*k**2 + 4*k - 5. Give h(i).
-11
Let y(u) be the first derivative of -u**2/2 + u - 24. What is y(-3)?
4
Let w = -214 - -239. Let g = -63 + 33. Let j = g + w. Let a(f) = -f**3 - 4*f**2 + 4*f + 1. Calculate a(j).
6
Let m(g) = 9*g**2 - 1. Suppose -69 = -3*v - 69. Let r(y) = y**3 + 2*y**2 + y - 1. Let q be r(v). Give m(q).
8
Let g be ((-1)/3)/((-4)/(-60)). Let m be (0/2 - g) + -3. Let y(u) be the second derivative of -2*u**3/3 + u. What is y(m)?
-8
Let t(i) = -i**3 + 7*i**2 + i - 8. Suppose 5*r - 2*j - 43 = 0, -3*r = -5*j - 12 - 29. Determine t(r).
-1
Let w(o) be the third derivative of o**4/8 + 23*o**3/6 - 9*o**2. Let i(c) = -2*c - 12. Let s(u) = -5*i(u) - 3*w(u). Give s(9).
0
Let b(h) be the third derivative of -h**5/60 + h**4/12 - 5*h**3/3 + 789*h**2. Calculate b(8).
-58
Let p = 18 + -20. Let t be 42/12 - p/(-4). Suppose t*k = 5*d + 8, 3*d + k + 0*k = -16. Let c(q) = q + 8. What is c(d)?
4
Suppose -6*u = -4*u - 18. Let y(a) = -8*a**2 + 1 - 2 + u*a - 10*a. Suppose 0 = -4*d + 5 - 9. Give y(d).
-8
Let h(d) be the first derivative of 9*d**4/4 - d**3 + 2*d**2 + 11*d + 18. Let w(t) = 5*t**3 - 2*t**2 + 2*t + 6. Let k(m) = -4*h(m) + 7*w(m). Give k(-3).
13
Let u(y) = -4*y**3 - y**2. Let l = -163 - -164. Calculate u(l).
-5
Let b = 1328 + -1313. Let a(j) = j**3 - 15*j**2 + 2*j - 9. Give a(b).
21
Suppose 0 = 18*f + 134 - 116. Let h(i) = -10*i**3 - 4*i**2 - 2*i + 1. Determine h(f).
9
Let l(t) = t**3 + t**2 + t + 10. Let p be (60/(-25))/((-2)/5). Suppose 0 = p*b - 4*b. Determine l(b).
10
Let b(h) = -12*h**3 - h + 1. Suppose -u + 2*u + 13 = -s, -3*s = 5*u + 55. Let i(g) = -g - 7. Let q be i(u). What is b(q)?
-12
Let w be (2 - 1) + (-6)/2. Suppose 2*n - 8 = -2. Let s(m) = -4*m**2 - 2*m + 1. Let u(p) = -11*p**2 - 5*p + 2. Let y(d) = n*u(d) - 8*s(d). Determine y(w).
-8
Let u(m) be the first derivative of 2*m**2 - 3*m - 8. Let w be (-159)/(-51) - 12/102. Give u(w).
9
Let k(l) = -l + 9. Let m(s) = -4*s + 27. Let j(t) = -7*k(t) + 2*m(t). Let n be 6*8/96*6*-2. Determine j(n).
-3
Let k(o) = 11*o**2 - 9*o**2 - 13*o**3 - 9*o**3 - 1 + 14*o**3. Calculate k(-1).
9
Let g(j) = -11*j**2 + 2*j + 5. Let v(x) be the first derivative of -1/2*x**2 - 8 + 4/3*x**3 - 2*x. Let l(y) = -3*g(y) - 8*v(y). What is l(-1)?
0
Let x(k) be the first derivative of -k**3/3 + 5*k**2/2 + 8*k + 99. Give x(7).
-6
Let t(d) = -7*d - 1. Let r(m) = -5*m - 2. Let k(a) = 4*r(a) - 3*t(a). Calculate k(10).
5
Let y(i) = -15*i + 1. Let d be y(1). Let t(c) = 2*c + 33. Let u be t(d). Let b(z) = -z**2 + 8*z - 6. What is b(u)?
9
Let t = -18 + 18. Let c = 7 + -5. Suppose c*p + t = 12. Let w(k) = k - 4. Determine w(p).
2
Let n(f) = 52*f**3 + f**2 - 1. Let m be (1/(-2))/(61/122). Give n(m).
-52
Let q(p) = p - 3. Suppose 60 = -5*a - 0*a. Let d be (a/42)/(3/(-42)). Calculate q(d).
1
Let t(j) = -4*j + 1. Suppose -12 = -v - 4. Let h be v + -10 + (-1 - -5). Suppose g = -5*x - 2*g + 17, 6 = h*x + g. What is t(x)?
-3
Let o(k) = -132*k - 9. Let d(y) = 13*y + 1. Let p(n) = -21*d(n) - 2*o(n). Give p(-2).
15
Let i(c) = c**2 + 7*c + 2. Suppose 4*q - 7 = 5. Suppose -4*g = -16, 3*o + 4*g - 6 = 16. Suppose -o*x + q*x = -7. Calculate i(x).
2
Let u(v) = v**3 - 5*v**2 + 2*v. Let l(i) = -i**2 - 8*i + 4. Let c be l(-6). Let s be ((-36)/(-8))/(6/c). Suppose 0*p + s = 4*p. Calculate u(p).
-12
Suppose 2*a - 3 - 3 = 0. Let m(o) = -o - 35. Let r(x) = -x - 16. Let k(j) = -6*m(j) + 13*r(j). What is k(a)?
-19
Let t be (-2 - 0)/((-1)/(-2)). Let h(d) be the second derivative of d**4/6 + 2*d**3/3 - 5*d**2/2 + 5503*d. What is h(t)?
11
Let g be (99/132)/((-1)/(-4)). Let q(n) be the first derivative of -1/4*n**4 - n - 3/2*n**2 - g + 4/3*n**3. What is q(3)?
-1
Let q(l) = 2*l + 3. Let m(o) be the third derivative of -o**4/8 - o**3 + 32*o**2. Let h(p) = 3*m(p) + 5*q(p). Determine h(3).
0
Let v(x) = -x**2 - x - 11. Let b(m) = -m**2 - 2*m - 12. Let n(k) = -6*b(k) + 7*v(k). Suppose 23 + 11 = 2*p. Suppose -p*h + 96 = -h. Calculate n(h).
-11
Suppose 2*t = f + 23, -3*t + t + 3*f = -13. Let y be t/(-8) + (-6)/24. Let h = y + -2. Let d(g) = -g**3 - 3*g**2 + 4*g - 5. Give d(h).
-5
Let v(l) be the first der